 Determine l(9).
-7
Let m be ((36/14)/(-3))/(5/(-35)). Let p(a) = -a**3 + 7*a**2 - 7*a - 2. Let i be p(m). Let g(j) = 2*j + 14. What is g(i)?
-2
Let j(i) be the first derivative of -i**4/4 + 2*i**3 - 5*i**2/2 + 5*i - 2. Let v(g) = -6*g**2 + 3*g - 35. Let u be v(-6). Let t = -264 - u. What is j(t)?
5
Let q(i) = -i**2 + 9*i + 27. Let z = 1495 + -1483. Calculate q(z).
-9
Let q = 957 + -953. Let k(y) = 3*y - 9. What is k(q)?
3
Suppose 2*f - 4 = 0, 0*j = 3*j - 3*f - 39. Let u(o) = -2 + 103*o + 9 - 104*o. What is u(j)?
-8
Let u be (3 + -2)/(-2*2/4). Let n(o) = o**2 - o - 1. Let t(s) = -s**3 - 6*s**2 + 4*s - 4. Let k(w) = u*n(w) - t(w). What is k(-5)?
20
Let t(h) be the first derivative of -h**2/2 + 8*h - 337. Let m(p) = 5*p**2 - 2*p - 2. Let y be m(-1). Determine t(y).
3
Suppose -31 = -3*x - 19. Suppose 28 = -x*l + 3*l. Let h = l + 22. Let c(t) = -2*t - 7. Give c(h).
5
Suppose 9 = 3*q, -2*p = -27*q + 24*q - 3. Let g(t) = -11*t + 57. Determine g(p).
-9
Let g(v) = v**3 - 2*v**2 + 4*v + 1. Let r(q) = 2*q**3 - 20*q**2 + 31*q + 12. Let x(k) = -4*g(k) + r(k). Determine x(-7).
1
Let n(m) = 8*m - 12. Let g(h) = -9*h + 14. Let o be ((-2)/(-4))/(-4*(-5)/280). Let l(i) = o*n(i) + 6*g(i). Determine l(2).
4
Let q(f) = -f**2 + 7*f + 154 - 219 + 54. What is q(9)?
-29
Let w be 15*(9 + 25)/2. Let x = w + -253. Let v(a) = a**3 - 3*a**2 - a - 2. Give v(x).
-8
Let m be (-4)/10 - (-64)/10. Let h(t) = -t**3 - 5*t + 3. Let j(a) = -3*a**3 + 6*a**2 - 9*a - 6. Let g(w) = -2*h(w) + j(w). What is g(m)?
-6
Suppose -24*j - 11*j = 0. Let a(t) = t**2 + 1 + j*t**3 + 2*t - t + t**3 - t**2 + t**2. Calculate a(-1).
0
Let f(z) = -z**2 + 3*z - 5. Let h = 349 - 140. Let y = h - 207. Calculate f(y).
-3
Suppose 0 = 4*f + f - 275. Let k be f/22*(-3 - -1). Let z(x) = 5*x**2 - 2. Let v(h) = 6*h**2 + h - 3. Let i(d) = k*z(d) + 4*v(d). What is i(5)?
-7
Let a(r) = r**3 - r**2 - 20*r + 2. Let y be -18*24/(-72) - (-2 + 12). Give a(y).
2
Suppose 2*o - 7 = 19. Let s = 15 - o. Let p(r) = 17*r**s - 18*r**2 - 2 + 0 - 2*r. Give p(-3).
-5
Let u = 111 - 112. Let l = u - -10. Let j(w) be the first derivative of -w**3/3 + 9*w**2/2 + w - 1. Give j(l).
1
Let h be 0 - (12 - 4 - 5). Let s(n) = -n - 8. Let o(g) = -2*g - 10. Let k(y) = h*s(y) + 2*o(y). What is k(0)?
4
Let p(b) = 2*b**3 + b**2 - 2*b - 7. Let k be p(0). Let n be ((-12)/k)/(47/(-329)). Let h(j) = -2*j - 26. Give h(n).
-2
Suppose -5*f - 35 = -3*n, 0 = -2*n + 3*f + 28 - 6. Suppose n*g + 3 - 8 = 0. Let i(b) = 6*b - g - 4*b + 4 - b**2. Calculate i(4).
-5
Suppose -19*t = -49*t + 270 - 180. Let h(g) be the second derivative of 7/6*g**3 + 0 + 9/2*g**2 + 2/3*g**4 - t*g + 1/20*g**5. Give h(-7).
9
Let d(v) = -v - 1. Let t be (-10)/6*(37 + -40). Suppose -2*y + 3 = -5*x, 0 = -5*x - t*y - 9 - 1. Calculate d(x).
0
Let t(j) = 8*j + 6. Let r = 38 + -158. Let p = 116 + r. Determine t(p).
-26
Let u(c) = 7*c + 3. Let s(i) = -5*i - 3. Let r(n) = -3*n - 2. Let y(f) = 3*r(f) - 2*s(f). Let p(m) = u(m) - 3*y(m). Give p(-3).
-9
Let v(r) = -4*r. Suppose -17 + 192 = 5*g. Let a = g - 42. Let w(d) = d**2 + 6*d - 3. Let x be w(a). What is v(x)?
-16
Suppose -3*o + 60 = 3*o. Suppose -4*b - 9 = -4*m - 1, -5*b = -3*m + o. Suppose -3*n - 4 + 10 = m. Let h(y) = -2*y + 2. What is h(n)?
-2
Let o(p) be the first derivative of -p**3/3 - p**2/2 - 16*p - 177. What is o(0)?
-16
Let x(n) = -12*n + 3*n - n + 5. Let i = -30 + 32. What is x(i)?
-15
Let r be 3*1/(-3)*14/(-2). Let n(h) = 2*h**3 + 0 + 0*h**3 - 5 + 5*h**2 - 6*h. Let a(d) = 5*d**3 + 9*d**2 - 12*d - 11. Let v(m) = r*n(m) - 3*a(m). What is v(7)?
5
Let k(j) = j**3 + j**2 - 7*j + 4. Let n be (10/20)/((-2)/(-3) + 1/(-2)). Calculate k(n).
19
Let t(f) be the first derivative of -f**3/3 - 4*f**2 - 3*f + 1816. What is t(-5)?
12
Let a(n) = -17*n - 4. Suppose -123 = -33*b - 90*b. Give a(b).
-21
Let t(w) = -414*w - 432*w + 24 + 826*w. Determine t(1).
4
Let j(i) = -41*i**3 + i**2 - 10*i - 43. Let d(n) = -19*n**3 - 4*n - 20. Let y(b) = 13*d(b) - 6*j(b). Give y(-6).
-50
Let f(n) = n**2 + 3*n + 1. Let j(k) = 10*k**2 + 52*k + 4. Let z(w) = 12*f(w) - j(w). Calculate z(8).
8
Let o be (-60)/9*((-21)/(-2))/(-7). Let s be -10*(-2 - (-15)/o). Let b(a) = a + 2. Give b(s).
7
Let y(z) be the third derivative of -z**5/60 + z**4/3 - 5*z**3/3 - 18358*z**2. Let h(r) = -r**2 - 6*r + 8. Let l be h(-6). Calculate y(l).
-10
Let a(x) = -2*x - 7. Let v = 7 - -35. Suppose -6*o = -7*o + v. Let r = -47 + o. What is a(r)?
3
Let a(h) = h + 3. Suppose 6*d = 4*d + 10. Suppose o + 4 = u - 5*u, -5*o - 5 = d*u. Determine a(o).
3
Let c(w) = -w**2 + 4*w + 3. Let g = -138 - -32. Let z = g - -119. Let h = z - 10. What is c(h)?
6
Let j(d) = -d. Suppose -u - 6 = 2*h, 3*h + 2 + 1 = 0. Let s be j(u). Let l(x) be the first derivative of -x**4/4 + 4*x**3/3 - x**2/2 + 5*x - 121. What is l(s)?
1
Suppose -6 = -l - 1. Let w be 2/(-3) - 85/(-15). Suppose -l = w*a + 10. Let c(d) = -d**2 - 2*d + 4. Calculate c(a).
1
Let o(r) = -r**2 + 2*r. Let y(f) = -5*f**2 + 8*f - 8. Let s(b) = -6*o(b) + y(b). Calculate s(7).
13
Suppose 0 = -4*q + 40. Suppose q = -d - d + 5*j, 3*d + j = 2. Let l(c) = c + 1. Give l(d).
1
Let g(q) be the first derivative of q**4/4 - 5*q**3/3 - 5*q**2/2 - 5*q + 2. Let d be (-1)/(13*19/(-1482)). Calculate g(d).
1
Let w(g) = -g**2 + 4*g + 2. Let i be w(4). Let j(h) = -i - 1 + 4*h + 6*h**2 + 12 - 11 - h**3. What is j(6)?
22
Let j = -9 - -13. Suppose -j*i - 2 = 5*l - 34, -i = -3. Let k(n) = 2 + 6*n + n - l*n. Give k(-2).
-4
Let l(s) = -22*s + 31. Let u(w) = 24*w - 32. Let d(h) = 3*l(h) + 2*u(h). Calculate d(2).
-7
Let w(t) = -t**2 + 3032480*t - 3032482*t + 0*t**2 + 50. Determine w(5).
15
Let f(y) = -y**3 - 4*y**2 - 5*y - 6. Let i(p) = -p - 4. Let u(g) = 10*g - 14. Let x(d) = 5*i(d) + u(d). Let k be x(6). Give f(k).
14
Let u(a) = -a**3 + 12*a**2 - 10*a - 8. Let m be u(11). Suppose -w + 8 = -m*w. Let l(f) = 3*f**2 - 3*f**3 + 12*f - 1 + 4*f**3 - 34*f + 11*f + 6*f. What is l(w)?
3
Let l(n) be the third derivative of -2*n + 1/60*n**5 + 5/24*n**4 + 2*n**2 + 0 - 5/3*n**3. Calculate l(-7).
4
Let n be 2 - -1 - (-9 - 16). Let x = n + -23. Let f(t) = -4 + 1 + 3*t + 0 + t**3 + 0 - x*t**2. Give f(4).
-7
Let c(w) = 3*w**2 - 2*w - 1. Let h(q) = 2*q**2 - 4*q - 35. Let i be h(0). Let v be (i/14)/(25/(-20)). Determine c(v).
7
Let r(j) = -7*j**2 - 12*j - 6. Let c be r(0). Let g(d) = -18*d - 15. Calculate g(c).
93
Let u be (-18)/(-4) + -59 + 55. Let c(w) be the second derivative of 0 - 1/20*w**5 + w - 1/3*w**3 + 5/2*w**2 + u*w**4. Give c(6).
-7
Let w(d) = -d**3 + 6*d**2 - 5. Let v be (-408)/(-7) - 10/35. Let r = -52 + v. Calculate w(r).
-5
Suppose 3*f = 2*f + 2. Let y be f/(4/(-2) - -4). Let s(m) = m + 122*m**3 - 14 + 118*m**3 + m**2 + 13 - 242*m**3 + 0*m**2. Calculate s(y).
-1
Let k(v) = 0*v + 5*v**3 - 3*v + 2*v + v**3. Let h = -173 - -159. Let m(s) = s**3 + 15*s**2 + 16*s + 27. Let t be m(h). Give k(t).
-5
Let n(a) = -5*a**2 + 16*a + 2. Let r(u) = 6*u**2 - 15*u - 12. Let g(z) = -5*n(z) - 4*r(z). Determine g(20).
38
Let h(o) = -2*o**3 + 21*o**2 - 8*o + 51. Let l(w) = w**3 - 11*w**2 + 4*w - 32. Let m(c) = 4*h(c) + 7*l(c). Give m(5).
10
Let z(f) = -25*f**3 + 2*f**2 + f. Suppose a + 24 = -4*d - 3*a, -9 = -d + 2*a. Determine z(d).
26
Let o(s) = -113*s**3 + 49*s**2 - 29*s - 13. Let a(v) = -26*v**3 + 12*v**2 - 7*v - 3. Let d(w) = -13*a(w) + 3*o(w). What is d(-9)?
-36
Let u = -33838 - -33832. Let f(c) = -24*c - 148. Give f(u).
-4
Let a(c) = 8*c + 60. Let q(u) = -24*u - 200. Let s(l) = -11*a(l) - 4*q(l). Give s(-16).
12
Let q(y) = 7*y**2 - 61*y - 173. Let u(n) = 2*n**2 - 15*n - 43. Let c(r) = -4*q(r) + 15*u(r). Calculate c(-5).
2
Let t = 31439 - 31439. Let d(w) = 19*w + 17. What is d(t)?
17
Let s be (-9)/2 + (-1)/(-2). Suppose 20 = 5*t - 8*z + 3*z, 4*t + z = 11. Let y(b) = -134*b**2 + 66*b**2 + t + 67*b**2 - 7*b. Calculate y(s).
15
Let o be (9 + -8)/((2/(-12))/1). Let n(x) = 80*x**3 - 6 + 5*x - 40*x**3 - 41*x**3 - 6*x**2. Determine n(o).
-36
Let x(t) = -39*t - 3. Let a(p) = -14*p - 1. Let i be (4 - 10)/(-6) + (-36)/2. Let m(h) = i*a(h) + 6*x(h). Let l be 10/(-25) + 3/(-5). Give m(l).
-5
Let a be (0 + -28)/(3 - 13 - -9). Suppose a*o - 131 - 121 = 0. Let x(g) = 2*g - 4. Determine x(o).
14
Let u(r) be the second derivative of r**4/12 - 3*r**3/2 - 15*r**2 - 241*r. What is u(12)?
6
Let f = 5885 - 5894. Let l(g